{"id":3266,"date":"2023-01-31T13:33:37","date_gmt":"2023-01-31T13:33:37","guid":{"rendered":"https:\/\/revistacentro.org\/index.php\/curso-online-sejima-nishizawa-2023-terca-3-2\/"},"modified":"2023-01-31T13:39:54","modified_gmt":"2023-01-31T13:39:54","slug":"rem_koolhaas_quinta_2023","status":"publish","type":"page","link":"https:\/\/revistacentro.org\/index.php\/rem_koolhaas_quinta_2023\/","title":{"rendered":"Curso Online &#8211; Rem Koolhaas . 2023 . Quinta-Feira"},"content":{"rendered":"<div id=\"cs-content\" class=\"cs-content\"><\/div>\n","protected":false},"excerpt":{"rendered":"<p>&nbsp;CURSO ONLINE DE TEORIA E HIST\u00d3RIA DA ARQUITETURA . REM KOOLHAAS GABRIEL KOGAN . QUINTAS . MAR 2023 (Rem Koolhaas) PROGRAMA 2023 09\/03, 16\/03, 23\/03, 30\/03 (quintas-feiras) Curso Online As aulas com dura\u00e7\u00e3o de 1h40, sendo aproximadamente 1h25 de conte\u00fado expositivo e 15-20 minutos de discuss\u00f5es gerais. Pretende-se que o curso aumente o repert\u00f3rio arquitet\u00f4nico dos participantes, assim como suscite &#8230;<\/p>\n","protected":false},"author":3,"featured_media":3263,"parent":0,"menu_order":0,"comment_status":"closed","ping_status":"closed","template":"template-blank-4.php","meta":[],"_links":{"self":[{"href":"https:\/\/revistacentro.org\/index.php\/wp-json\/wp\/v2\/pages\/3266"}],"collection":[{"href":"https:\/\/revistacentro.org\/index.php\/wp-json\/wp\/v2\/pages"}],"about":[{"href":"https:\/\/revistacentro.org\/index.php\/wp-json\/wp\/v2\/types\/page"}],"author":[{"embeddable":true,"href":"https:\/\/revistacentro.org\/index.php\/wp-json\/wp\/v2\/users\/3"}],"replies":[{"embeddable":true,"href":"https:\/\/revistacentro.org\/index.php\/wp-json\/wp\/v2\/comments?post=3266"}],"version-history":[{"count":3,"href":"https:\/\/revistacentro.org\/index.php\/wp-json\/wp\/v2\/pages\/3266\/revisions"}],"predecessor-version":[{"id":3271,"href":"https:\/\/revistacentro.org\/index.php\/wp-json\/wp\/v2\/pages\/3266\/revisions\/3271"}],"wp:featuredmedia":[{"embeddable":true,"href":"https:\/\/revistacentro.org\/index.php\/wp-json\/wp\/v2\/media\/3263"}],"wp:attachment":[{"href":"https:\/\/revistacentro.org\/index.php\/wp-json\/wp\/v2\/media?parent=3266"}],"curies":[{"name":"wp","href":"https:\/\/api.w.org\/{rel}","templated":true}]}}