{"id":305,"date":"2015-10-29T14:24:09","date_gmt":"2015-10-29T14:24:09","guid":{"rendered":"http:\/\/revistacentro.org\/?page_id=305"},"modified":"2015-12-16T13:25:35","modified_gmt":"2015-12-16T13:25:35","slug":"hitonraw","status":"publish","type":"page","link":"https:\/\/revistacentro.org\/index.php\/hitonraw\/","title":{"rendered":"THE UGLY CITY SHOW &#8211; Fotos de Hilton Raw"},"content":{"rendered":"<div id=\"x-section-1\" class=\"x-section\" style=\"margin: 0px; padding: 45px 0px;  background-color: #161616;\" ><div id=\"\" class=\"x-container max width\" style=\"margin: 0px auto; padding: 0px; \" ><div  class=\"x-column x-sm x-1-1\" style=\"padding: 0px; \" ><hr  class=\"x-gap\" style=\"margin: 90px 0 0 0;\"><div id=\"\" class=\"x-text none\" style=\"\" ><h6><span style=\"color: #999999;\">TEXTO <\/span><span style=\"color: #ffffff;\">BOB WOLFENSON<\/span><\/h6>\n<h6><span style=\"color: #999999;\">FOTOS<\/span> <span style=\"color: #ffffff;\">HILTON RAW<\/span><\/h6>\n<\/div><hr  class=\"x-gap\" style=\"margin: 2px 0 0 0;\"><div id=\"\" class=\"x-text none\" style=\"\" ><h1><span style=\"color: #ffffff;\"><span style=\"color: #999999;\">THE UGLY CITY SHOW<\/span> <\/span><\/h1>\n<\/div><hr  class=\"x-gap\" style=\"margin: 20px 0 0 0;\"><div  class=\"x-columnize\" >\n<p style=\"color: #ffffff;\">O truque de Hilton Raw \u00e9 nos fazer crer que ele n\u00e3o \u00e9 nada, se finge de morto, escamoteia-se no humor, nas tiradas autodepreciativas e no culto \u00e0 melancolia. E debaixo deste manto de \u201ctristeza\u201d, sem dar pistas e nem deixar rastros, come\u00e7ou a postar cenas, paradoxalmente estranhas e belas, em sua p\u00e1gina do Instagram (<a href=\"https:\/\/www.instagram.com\/hiltonraw\/\" style= \"color: #ffffff;\">@hiltonraw<\/a>).<\/p>\n<p style=\"color: #ffffff;\">As suas fotografais me surpreenderam desde a primeira vez que as vi. Para quem n\u00e3o sabe, Hilton \u00e9 m\u00fasico, e eu desconhecia seu talento com a luz composi\u00e7\u00e3o, texturas e geometria manifestados naquelas imagens. No entanto, para quem o conhece, elas, assim como estas aqui publicadas, s\u00e3o a mais perfeita tradu\u00e7\u00e3o de sua eterna prestidigita\u00e7\u00e3o.<\/p>\n<p><span style=\"color: #ffffff;\">A dureza das noites, os elementos isolados, os vapores luzidios, e a atmosfera sinistra de sua obra nos remetem a observar a solid\u00e3o an\u00f4nima de seus sujeitos\/objetos. Como espectadores n\u00e3o passamos inc\u00f3lumes, somos arrebatados por suas composi\u00e7\u00f5es fotogr\u00e1ficas, as quais parecem obedecer a um rito mel\u00f3dico, abstra\u00e7\u00f5es (lembre-se, ele \u00e9 m\u00fasico), que ao se inteirarem com a realidade se concretizam em um retrato contundente dela, sem fazer concess\u00f5es a padr\u00f5es de beleza e aceita\u00e7\u00e3o.<\/span><\/p>\n<p><span style=\"color: #ffffff;\">E ao contr\u00e1rio do que possa parecer, suas imagens n\u00e3o buscam a compaix\u00e3o de quem as v\u00ea, e sim, afirmam os elementos nelas encontrados: o g\u00eanero humano \u00e0s voltas com suas trevas, representadas atrav\u00e9s de vis\u00f5es ultracontrastadas, onde n\u00e3o h\u00e1 lugar para os cinzas ou outras nuances contemporizadoras.<\/span><\/p>\n<p><span style=\"color: #ffffff;\">Numa primeira olhada seu trabalho nos oferece os aspectos tr\u00e1gicos da vida contempor\u00e2nea, como sugere a s\u00e9rie \u201cthe ugly city show\u201d, uma boutade contra a alegria reinante reiterada continuamente nas p\u00e1ginas de milhares nas m\u00eddias sociais. Como ele mesmo gosta de dizer: \u201ch\u00e1 uma certa psicopatia da felicidade vigente nos dias atuais\u201d.<\/span><\/p>\n<p><span style=\"color: #ffffff;\">No entanto, numa olhada mais detalhada observamos que, ele n\u00e3o aponta suas armas nem a favor nem contra os que exaltam seus pr\u00f3prios feitos via internet. E malandramente, usufruindo desta \u201cnova\u201d comunica\u00e7\u00e3o, afirmando a cada click que a sua exist\u00eancia n\u00e3o contempla meios tons, nem \u00e9 cor-de-rosa e sim, preto no branco, vai sem muito alarde num caminho oposto a estes mais celebrativos, construindo seu invent\u00e1rio das sombras emersos das ambiguidades da vida.<\/span><\/p>\n<p><span style=\"color: #ffffff;\">Hilton \u00e9 um falso triste que com ironia e sagacidade evoca as afli\u00e7\u00f5es da alma para nos oferecer a beleza e o dist\u00farbio ao mesmo tempo consubstanciadas em seu conjunto de imagens articuladas entre si e apresentados aqui.<\/span><\/p>\n<\/div><hr  class=\"x-gap\" style=\"margin: 50px 0 0 0;\"><div id=\"\" class=\"x-text none\" style=\"\" ><h6><span style=\"color: #ffffff;\">Bob Wolfenson,<\/span><\/h6>\n<\/p>\n<p><span style=\"color: #ffffff;\">fot\u00f3grafo. Seu trabalho est\u00e1 presente em cole\u00e7\u00f5es como Pirelli-Masp, MAM-SP, Ita\u00fa Cultural, entre outras.<\/span><\/p>\n<\/div><hr  class=\"x-gap\" style=\"margin: 10px 0 0 0;\"><div id=\"\" class=\"x-text none\" style=\"\" ><h6><span style=\"color: #ffffff;\">Hilton Raw,<\/span><\/h6>\n<\/p>\n<p><span style=\"color: #ffffff;\">produtor musical; estudou arquitetura na FAU\/USP.<\/span><\/p>\n<\/div><hr  class=\"x-gap\" style=\"margin: 60px 0 0 0;\"><\/div><\/div><div id=\"\" class=\"x-container max width\" style=\"margin: 0px auto; padding: 0px; \" ><div  class=\"x-column x-sm x-1-1\" style=\"padding: 0px; \" >[ess_grid alias=&#8221;hilton1&#8243;]<hr  class=\"x-gap\" style=\"margin: 200px 0 0 0;\"><\/div><\/div><\/div><div id=\"x-section-2\" class=\"x-section\" style=\"margin: 0px; padding: 45px 0px;  background-color: #161616;\" ><div id=\"\" class=\"x-container max width\" style=\"margin: 0px auto; padding: 0px; \" ><div  class=\"x-column x-sm x-1-1\" style=\"padding: 0px; \" >&nbsp;<\/div><\/div><\/div>\n","protected":false},"excerpt":{"rendered":"","protected":false},"author":1,"featured_media":784,"parent":0,"menu_order":0,"comment_status":"closed","ping_status":"closed","template":"template-blank-4.php","meta":[],"_links":{"self":[{"href":"https:\/\/revistacentro.org\/index.php\/wp-json\/wp\/v2\/pages\/305"}],"collection":[{"href":"https:\/\/revistacentro.org\/index.php\/wp-json\/wp\/v2\/pages"}],"about":[{"href":"https:\/\/revistacentro.org\/index.php\/wp-json\/wp\/v2\/types\/page"}],"author":[{"embeddable":true,"href":"https:\/\/revistacentro.org\/index.php\/wp-json\/wp\/v2\/users\/1"}],"replies":[{"embeddable":true,"href":"https:\/\/revistacentro.org\/index.php\/wp-json\/wp\/v2\/comments?post=305"}],"version-history":[{"count":54,"href":"https:\/\/revistacentro.org\/index.php\/wp-json\/wp\/v2\/pages\/305\/revisions"}],"predecessor-version":[{"id":2246,"href":"https:\/\/revistacentro.org\/index.php\/wp-json\/wp\/v2\/pages\/305\/revisions\/2246"}],"wp:featuredmedia":[{"embeddable":true,"href":"https:\/\/revistacentro.org\/index.php\/wp-json\/wp\/v2\/media\/784"}],"wp:attachment":[{"href":"https:\/\/revistacentro.org\/index.php\/wp-json\/wp\/v2\/media?parent=305"}],"curies":[{"name":"wp","href":"https:\/\/api.w.org\/{rel}","templated":true}]}}