{"id":2500,"date":"2016-08-18T17:08:09","date_gmt":"2016-08-18T17:08:09","guid":{"rendered":"http:\/\/revistacentro.org\/?page_id=2500"},"modified":"2016-08-22T21:40:44","modified_gmt":"2016-08-22T21:40:44","slug":"leonardowen","status":"publish","type":"page","link":"https:\/\/revistacentro.org\/index.php\/leonardowen\/","title":{"rendered":"BRAS\u00cdLIA REAL BRAS\u00cdLIA IMAGINADA"},"content":{"rendered":"<div id=\"Pitsunda1\" class=\"x-section center-text\" style=\"margin: 0px; padding: 12.5% 0px;  background-color: #0d0d0d;\" ><div id=\"\" class=\"x-container\" style=\"margin: 0px auto; padding: 0px; \" ><div  class=\"x-column x-sm x-1-1\" style=\"padding: 0px; \" ><img  class=\"x-img x-img-none\" style=\"width: 100%; padding: 0px 0px 0px 0px !important;\" src=\"https:\/\/revistacentro.org\/wp-content\/uploads\/2016\/08\/APTO-Leonardo-Wen-02.jpg\" ><\/div><\/div><\/div><div id=\"kok\" class=\"x-section\" style=\"margin: 0px; padding: 0px 0px 45px;  background-color: #ffffff;\" ><div id=\"\" class=\"x-container max width\" style=\"margin: 0px auto; padding: 0px; \" ><div  class=\"x-column x-sm x-1-1\" style=\"padding: 0px; \" ><hr  class=\"x-gap\" style=\"margin: 70px 0 0 0;\"><div id=\"\" class=\"x-text none\" style=\"\" ><h6>FOTOS <span style=\"color: #808080;\">LEONARDO WEN<\/span><\/h6>\n<\/div><div id=\"\" class=\"x-text none\" style=\"\" ><h1><span style=\"color: #000000;\">BRAS\u00cdLIA REAL<\/h1>\n<h1> <span style=\"color: #000000;\">BRAS\u00cdLIA IMAGINADA <\/span><\/h1>\n<\/div><div id=\"\" class=\"x-text none\" style=\"\" ><h3><span style=\"color: #808080;\">E vida segue na SQS108 no Planalto Central&#8230;<\/span><\/h3>\n<\/div><hr  class=\"x-gap\" style=\"margin: 30px 0 0 0;\"><div  class=\"x-columnize\" >\n<p>Juntamente com o ensaio de Rem Koolhaas sobre Bras\u00edlia <a href=\"https:\/\/revistacentro.org\/index.php\/koolhaaspt\/\" target=\"_blank\">[ver aqui]<\/a>, a Revista Centro publica o ensaio fotogr\u00e1fico de Leonardo Wen feito no interior dos apartamentos da primeira superquadra da capital do Distrito Federal (SQS 108, inaugurada em 1960). <\/p>\n<p>Esse retrato da p\u00f3s-ocupa\u00e7\u00e3o do espa\u00e7o privado \u2014 uma pequena invas\u00e3o de privacidades sem a maquiagem da produ\u00e7\u00e3o das fotos de arquitetura \u2014 revela contradi\u00e7\u00f5es da cidade moderna mais de cinco d\u00e9cadas ap\u00f3s sua inaugura\u00e7\u00e3o: seria essa a imagem desenhada por Lucio Costa e Oscar Niemeyer para o interior de seus edif\u00edcios? Seria esse o destino \u2014 quase inevit\u00e1vel \u2014 para suas linhas?<\/p>\n<p>As fotos aqui reproduzidas integram o fotolivro Apto \u2013 a moradia moderna de Bras\u00edlia, de Wen. Publicado pela Tempo d\u2019Imagem em 2011 (XI pr\u00eamio Marc Ferrez de Fotografia, da FUNARTE), traz tamb\u00e9m imagens de arquivo da \u00e9poca da constru\u00e7\u00e3o da cidade, depoimentos de moradores e plantas arquitet\u00f4nicas originais<\/p>\n<\/div><hr  class=\"x-gap\" style=\"margin: 50px 0 0 0;\"><\/div><\/div><\/div><div id=\"Pitsunda2\" class=\"x-section center-text\" style=\"margin: 0px; padding: 12.5% 0px;  background-color: #0d0d0d;\" ><div id=\"\" class=\"x-container\" style=\"margin: 0px auto; padding: 0px; \" ><div  class=\"x-column x-sm x-1-1\" style=\"padding: 0px; \" ><img  class=\"x-img x-img-none\" style=\"width: 100%; padding: 0px 0px 0px 0px !important;\" src=\"https:\/\/revistacentro.org\/wp-content\/uploads\/2016\/08\/APTO-Leonardo-Wen-01.jpg\" ><\/div><\/div><\/div><div id=\"Pitsunda1\" class=\"x-section center-text\" style=\"margin: 0px; padding: 12.5% 0px;  background-color: #0d0d0d;\" ><div id=\"\" class=\"x-container\" style=\"margin: 0px auto; padding: 0px; \" ><div  class=\"x-column x-sm x-1-1\" style=\"padding: 0px; \" ><img  class=\"x-img x-img-none\" style=\"width: 100%; padding: 0px 0px 0px 0px !important;\" src=\"https:\/\/revistacentro.org\/wp-content\/uploads\/2016\/08\/APTO-Leonardo-Wen-08.jpg\" ><\/div><\/div><\/div><div id=\"Saratak\" class=\"x-section center-text\" style=\"margin: 0px; padding: 12.5% 0px;  background-color: #0d0d0d;\" ><div id=\"\" class=\"x-container\" style=\"margin: 0px auto; padding: 0px; width: 100%; padding: 0px 0px 0px 0px !important;\" ><div  class=\"x-column x-sm x-1-1\" style=\"padding: 0px; \" ><img  class=\"x-img x-img-none\" style=\"width: 100%; padding: 0px 0px 0px 0px !important;\" src=\"https:\/\/revistacentro.org\/wp-content\/uploads\/2016\/08\/APTO-Leonardo-Wen-04.jpg\" ><\/div><\/div><\/div><div id=\"Gagra\" class=\"x-section center-text\" style=\"margin: 0px; padding: 12.5% 0px;  background-color: #0d0d0d;\" ><div id=\"\" class=\"x-container\" style=\"margin: 0px auto; padding: 0px; \" ><div  class=\"x-column x-sm x-1-1\" style=\"padding: 0px; \" ><img  class=\"x-img x-img-none\" style=\"width: 100%; padding: 0px 0px 0px 0px !important;\" src=\"https:\/\/revistacentro.org\/wp-content\/uploads\/2016\/08\/APTO-Leonardo-Wen-03.jpg\" ><\/div><\/div><\/div><div id=\"Echmiadzin\" class=\"x-section center-text\" style=\"margin: 0px; padding: 12.5% 0px;  background-color: #0d0d0d;\" ><div id=\"\" class=\"x-container\" style=\"margin: 0px auto; padding: 0px; \" ><div  class=\"x-column x-sm x-1-1\" style=\"padding: 0px; \" ><img  class=\"x-img x-img-none\" style=\"width: 100%; padding: 0px 0px 0px 0px !important;\" src=\"https:\/\/revistacentro.org\/wp-content\/uploads\/2016\/08\/APTO-Leonardo-Wen-06.jpg\" ><\/div><\/div><\/div><div id=\"Biasieda\" class=\"x-section center-text\" style=\"margin: 0px; padding: 12.5% 0px;  background-color: #0d0d0d;\" ><div id=\"\" class=\"x-container\" style=\"margin: 0px auto; padding: 0px; \" ><div  class=\"x-column x-sm x-1-1\" style=\"padding: 0px; \" ><img  class=\"x-img x-img-none\" style=\"width: 100%; padding: 0px 0px 0px 0px !important;\" src=\"https:\/\/revistacentro.org\/wp-content\/uploads\/2016\/08\/APTO-Leonardo-Wen-07.jpg\" ><\/div><\/div><\/div><div id=\"Cornaje\" class=\"x-section center-text\" style=\"margin: 0px; padding: 12.5% 0px;  background-color: #0d0d0d;\" ><div id=\"\" class=\"x-container\" style=\"margin: 0px auto; padding: 0px; \" ><div  class=\"x-column x-sm x-1-1\" style=\"padding: 0px; \" ><img  class=\"x-img x-img-none\" style=\"width: 100%; padding: 0px 0px 0px 0px !important;\" src=\"https:\/\/revistacentro.org\/wp-content\/uploads\/2016\/08\/APTO-Leonardo-Wen-09.jpg\" ><\/div><\/div><\/div><div id=\"Shymkent\" class=\"x-section center-text\" style=\"margin: 0px; padding: 12.5% 0px;  background-color: #0d0d0d;\" ><div id=\"\" class=\"x-container\" style=\"margin: 0px auto; padding: 0px; \" ><div  class=\"x-column x-sm x-1-1\" style=\"padding: 0px; \" ><img  class=\"x-img x-img-none\" style=\"width: 100%; padding: 0px 0px 0px 0px !important;\" src=\"https:\/\/revistacentro.org\/wp-content\/uploads\/2016\/08\/APTO-Leonardo-Wen-11.jpg\" ><\/div><\/div><\/div><div id=\"Astrasycki\" class=\"x-section center-text\" style=\"margin: 0px; padding: 12.5% 0px;  background-color: #0d0d0d;\" ><div id=\"\" class=\"x-container\" style=\"margin: 0px auto; padding: 0px; \" ><div  class=\"x-column x-sm x-1-1\" style=\"padding: 0px; \" ><img  class=\"x-img x-img-none\" style=\"width: 100%; padding: 0px 0px 0px 0px !important;\" src=\"https:\/\/revistacentro.org\/wp-content\/uploads\/2016\/08\/APTO-Leonardo-Wen-18.jpg\" ><\/div><\/div><\/div><div id=\"kok\" class=\"x-section\" style=\"margin: 0px; padding: 0px 0px 45px;  background-color: #ffffff;\" ><div id=\"\" class=\"x-container max width\" style=\"margin: 0px auto; padding: 0px; \" ><div  class=\"x-column x-sm x-1-1\" style=\"padding: 0px; \" ><hr  class=\"x-gap\" style=\"margin: 70px 0 0 0;\"><div  class=\"x-columnize\" >&#8220;Bras\u00edlia \u00e9 constru\u00edda na linha do horizonte. Bras\u00edlia \u00e9 artificial. T\u00e3o artificial como devia ter sido o mundo quando foi criado. Quando o mundo foi criado, foi preciso criar um homem especialmente para aquele mundo. N\u00f3s somos todos deformados pela adapta\u00e7\u00e3o \u00e0 liberdade de Deus. N\u00e3o sabemos como ser\u00edamos se tiv\u00e9ssemos sido criados em primeiro lugar e depois o mundo deformado \u00e0s nossas necessidades. Bras\u00edlia ainda n\u00e3o tem o homem de Bras\u00edlia. Se eu dissesse que Bras\u00edlia \u00e9 bonita veriam imediatamente que gostei da cidade. Mas se digo que Bras\u00edlia \u00e9 a imagem de minha ins\u00f4nia veem nisso uma acusa\u00e7\u00e3o. Mas a minha ins\u00f4nia n\u00e3o \u00e9 bonita nem feia, minha ins\u00f4nia sou eu, \u00e9 vivida, \u00e9 o meu espanto. \u00c9 ponto e v\u00edrgula. Os dois arquitetos n\u00e3o pensaram em construir beleza, seria f\u00e1cil: eles ergueram o espanto inexplicado. A cria\u00e7\u00e3o n\u00e3o \u00e9 uma compreens\u00e3o. \u00c9 um novo mist\u00e9rio. \u2014 Quando morri, um dia abri os olhos e era Bras\u00edlia. Eu estava sozinha no mundo. Havia um t\u00e1xi parado. Sem chofer. Ai que medo. \u2014 L\u00facio Costa e Oscar Niemeyer, dois homens solit\u00e1rios. \u2014 Olho Bras\u00edlia como olho Roma: Bras\u00edlia come\u00e7ou com uma simplifica\u00e7\u00e3o final de ru\u00ednas. A hera ainda n\u00e3o cresceu.&#8221;<\/p>\n<p>&nbsp;<\/p>\n<p>Clarice Lispector, &#8220;Bras\u00edlia&#8221;. Rio de Janeiro: Jornal do Brasil, 1970.<\/div><hr  class=\"x-gap\" style=\"margin: 50px 0 0 0;\"><\/div><\/div><\/div><div id=\"Taraz\" class=\"x-section center-text\" style=\"margin: 0px; padding: 12.5% 0px;  background-color: #0d0d0d;\" ><div id=\"\" class=\"x-container\" style=\"margin: 0px auto; padding: 0px; \" ><div  class=\"x-column x-sm x-1-1\" style=\"padding: 0px; \" ><img  class=\"x-img x-img-none\" style=\"width: 100%; padding: 0px 0px 0px 0px !important;\" src=\"https:\/\/revistacentro.org\/wp-content\/uploads\/2016\/08\/APTO-Leonardo-Wen-17.jpg\" ><\/div><\/div><\/div><div id=\"Taraz\" class=\"x-section center-text\" style=\"margin: 0px; padding: 12.5% 0px;  background-color: #0d0d0d;\" ><div id=\"\" class=\"x-container\" style=\"margin: 0px auto; padding: 0px; \" ><div  class=\"x-column x-sm x-1-1\" style=\"padding: 0px; \" ><img  class=\"x-img x-img-none\" style=\"width: 100%; padding: 0px 0px 0px 0px !important;\" src=\"https:\/\/revistacentro.org\/wp-content\/uploads\/2016\/08\/APTO-Leonardo-Wen-13.jpg\" ><\/div><\/div><\/div><div id=\"Taraz\" class=\"x-section center-text\" style=\"margin: 0px; padding: 12.5% 0px;  background-color: #0d0d0d;\" ><div id=\"\" class=\"x-container\" style=\"margin: 0px auto; padding: 0px; \" ><div  class=\"x-column x-sm x-1-1\" style=\"padding: 0px; \" ><img  class=\"x-img x-img-none\" style=\"width: 100%; padding: 0px 0px 0px 0px !important;\" src=\"https:\/\/revistacentro.org\/wp-content\/uploads\/2016\/08\/APTO-Leonardo-Wen-16.jpg\" ><\/div><\/div><\/div><div id=\"Taraz\" class=\"x-section center-text\" style=\"margin: 0px; padding: 12.5% 0px;  background-color: #0d0d0d;\" ><div id=\"\" class=\"x-container\" style=\"margin: 0px auto; padding: 0px; \" ><div  class=\"x-column x-sm x-1-1\" style=\"padding: 0px; \" ><img  class=\"x-img x-img-none\" style=\"width: 100%; padding: 0px 0px 0px 0px !important;\" src=\"https:\/\/revistacentro.org\/wp-content\/uploads\/2016\/08\/APTO-Leonardo-Wen-19.jpg\" ><\/div><\/div><\/div><div id=\"Astrasycki\" class=\"x-section center-text\" style=\"margin: 0px; padding: 12.5% 0px;  background-color: #0d0d0d;\" ><div id=\"\" class=\"x-container\" style=\"margin: 0px auto; padding: 0px; \" ><div  class=\"x-column x-sm x-1-1\" style=\"padding: 0px; \" ><img  class=\"x-img x-img-none\" style=\"width: 100%; padding: 0px 0px 0px 0px !important;\" src=\"https:\/\/revistacentro.org\/wp-content\/uploads\/2016\/08\/APTO-Leonardo-Wen-10.jpg\" ><\/div><\/div><\/div><div id=\"Astrasycki\" class=\"x-section center-text\" style=\"margin: 0px; padding: 12.5% 0px;  background-color: #0d0d0d;\" ><div id=\"\" class=\"x-container\" style=\"margin: 0px auto; padding: 0px; \" ><div  class=\"x-column x-sm x-1-1\" style=\"padding: 0px; \" ><img  class=\"x-img x-img-none\" style=\"width: 100%; padding: 0px 0px 0px 0px !important;\" src=\"https:\/\/revistacentro.org\/wp-content\/uploads\/2016\/08\/APTO-Leonardo-Wen-20.jpg\" ><\/div><\/div><\/div><div id=\"x-section-19\" class=\"x-section\" style=\"margin: 0px; padding: 45px 0px;  background-color: transparent;\" ><div id=\"\" class=\"x-container max width\" style=\"margin: 0px auto; padding: 0px; \" ><div  class=\"x-column x-sm x-1-1\" style=\"padding: 0px; \" ><hr  class=\"x-gap\" style=\"margin: 50px 0 0 0;\"><div id=\"\" class=\"x-text\" style=\"\" ><p>&#8220;[&#8230;] Frequentemente representada em transforma\u00e7\u00e3o, a cidade da Idade M\u00e9dia n\u00e3o tem a nossa preocupa\u00e7\u00e3o para com a conserva\u00e7\u00e3o; ela demonstra um belo otimismo. O orgulho urbano \u00e9 feito da imbrica\u00e7\u00e3o entre a cidade real e cidade imaginada, sonhada por seus habitantes e por aqueles que a trazem \u00e0 luz, detentores de poder e artistas&#8221;.<\/p>\n<p>\nJacques Le Goff, Por amor \u00e0s cidades. S\u00e3o Paulo: Funda\u00e7\u00e3o Editora Unesp, 1998; p\u00e1g. 119.<\/p>\n<p>&nbsp;<\/p>\n<\/div><hr  class=\"x-gap\" style=\"margin: 50px 0 0 0;\"><div id=\"\" class=\"x-text\" style=\"\" ><h6><span style=\"color: #000000;\">LEONARDO WEN,<\/h6>\n<p> fot\u00f3grafo, reside e trabalha no Rio de Janeiro. <a href=\"http:\/\/www.leonardowen.com\" target=\"_blank\">http:\/\/www.leonardowen.com<\/a><\/p>\n<\/div><hr  class=\"x-gap\" style=\"margin: 10px 0 0 0;\"><hr  class=\"x-gap\" style=\"margin: 50px 0 0 0;\"><\/div><\/div><\/div>\n","protected":false},"excerpt":{"rendered":"","protected":false},"author":1,"featured_media":2635,"parent":0,"menu_order":0,"comment_status":"closed","ping_status":"closed","template":"template-blank-4.php","meta":[],"_links":{"self":[{"href":"https:\/\/revistacentro.org\/index.php\/wp-json\/wp\/v2\/pages\/2500"}],"collection":[{"href":"https:\/\/revistacentro.org\/index.php\/wp-json\/wp\/v2\/pages"}],"about":[{"href":"https:\/\/revistacentro.org\/index.php\/wp-json\/wp\/v2\/types\/page"}],"author":[{"embeddable":true,"href":"https:\/\/revistacentro.org\/index.php\/wp-json\/wp\/v2\/users\/1"}],"replies":[{"embeddable":true,"href":"https:\/\/revistacentro.org\/index.php\/wp-json\/wp\/v2\/comments?post=2500"}],"version-history":[{"count":14,"href":"https:\/\/revistacentro.org\/index.php\/wp-json\/wp\/v2\/pages\/2500\/revisions"}],"predecessor-version":[{"id":2656,"href":"https:\/\/revistacentro.org\/index.php\/wp-json\/wp\/v2\/pages\/2500\/revisions\/2656"}],"wp:featuredmedia":[{"embeddable":true,"href":"https:\/\/revistacentro.org\/index.php\/wp-json\/wp\/v2\/media\/2635"}],"wp:attachment":[{"href":"https:\/\/revistacentro.org\/index.php\/wp-json\/wp\/v2\/media?parent=2500"}],"curies":[{"name":"wp","href":"https:\/\/api.w.org\/{rel}","templated":true}]}}