{"id":2272,"date":"2016-07-15T17:09:46","date_gmt":"2016-07-15T17:09:46","guid":{"rendered":"http:\/\/revistacentro.org\/?page_id=2272"},"modified":"2016-10-28T19:41:24","modified_gmt":"2016-10-28T19:41:24","slug":"cursos","status":"publish","type":"page","link":"https:\/\/revistacentro.org\/index.php\/cursos\/","title":{"rendered":"CURSOS"},"content":{"rendered":"<div id=\"x-section-1\" class=\"x-section bg-image\" style=\"margin: 0px; padding: 0px; height: 15vh; background-image: url(https:\/\/revistacentro.org\/wp-content\/uploads\/2016\/07\/25LOWa.jpg); background-color: transparent;\" data-x-element=\"section\" data-x-params=\"{&quot;type&quot;:&quot;image&quot;,&quot;parallax&quot;:false}\"><div id=\"\" class=\"x-container max width\" style=\"margin: 0px auto; padding: 0px; width: 100%;\" ><div  class=\"x-column x-sm x-1-1\" style=\"padding: 0px; \" >&nbsp;<\/div><\/div><\/div><div id=\"index\" class=\"x-section\" style=\"margin: 0px; padding: 0px 0px 45px;  background-color: #ffffff;\" ><div id=\"\" class=\"x-container max width\" style=\"margin: 0px auto; padding: 0px; \" ><div  class=\"x-column x-sm x-1-1\" style=\"padding: 0px; \" ><hr  class=\"x-gap\" style=\"margin: 60px 0 0 0;\"><div id=\"\" class=\"x-text none\" style=\"\" ><h1>CURSOS<\/h1>\n<\/div><\/div><\/div><div id=\"\" class=\"x-container max width\" style=\"margin: 0px auto; padding: 0px; \" ><div  class=\"x-column x-sm x-1-1\" style=\"padding: 0px; \" ><div id=\"\" class=\"x-text none\" style=\"\" ><h3><span style=\"color: #808080;\">2016 . 2\u00ba SEMESTRE<\/span><\/h3>\n<\/div><hr  class=\"x-gap\" style=\"margin: 40px 0 0 0;\"><div  class=\"x-columnize\" >\n<p style=\"text-align: left;\">O <strong>Centro Pesquisas Urbanas<\/strong> lan\u00e7a no segundo semestre de 2016 nossa plataforma de cursos. Nesse ano, teremos tr\u00eas atividades na cidade de S\u00e3o Paulo, todas no audit\u00f3rio da Livraria Martins Fontes na Avenida Paulista. Os assuntos orbitam sobre a quest\u00e3o da cidade e buscam olhares multidisciplinares que interajam com diversas \u00e1reas do conhecimento, como artes e ci\u00eancias sociais. <\/p>\n<p>Tr\u00eas temas estruturam os cursos: (1) &#8220;Arquitetura moderna em S\u00e3o Paulo&#8221;, em setembro, por Gabriel Kogan; (2) &#8220;Arquitetura e cinema&#8221;, em outubro, por palestrantes de diferentes \u00e1reas, como cineastas, cr\u00edticos e arquitetos; (3) e &#8220;Bras\u00edlia&#8221;, em novembro e dezembro, que oferecer\u00e1 uma vis\u00e3o da cidade moderna a partir da literatura, arquitetura, pol\u00edtica e sociologia. <\/p>\n<p>Para 2017, planejamos expandir essa plataforma, se poss\u00edvel, em outras cidades do Brasil. Estamos abertos a sugest\u00f5es, convites e novas parcerias. Como proposta, tentamos disponibilizar as atividades a pre\u00e7os acess\u00edveis (o m\u00ednimo para para viabiliz\u00e1-las, considerando todas as despesas). Al\u00e9m disso, cada curso tem um n\u00famero definido de bolsas para estudantes do PROuni e universidades p\u00fablicas.<\/p>\n<p>Esperamos nos ver em breve!<\/p>\n<p>Organiza\u00e7\u00e3o: Gabriel Kogan e Rodrigo Villela<\/div><hr  class=\"x-gap\" style=\"margin: 50px 0 0 0;\"><\/div><\/div><\/div><div id=\"x-section-3\" class=\"x-section bg-image parallax\" style=\"margin: 0px; padding: 0px; height: 33vh; background-image: url(https:\/\/revistacentro.org\/wp-content\/uploads\/2016\/07\/25LOW.jpg); background-color: transparent;\" data-x-element=\"section\" data-x-params=\"{&quot;type&quot;:&quot;image&quot;,&quot;parallax&quot;:true}\"><div id=\"\" class=\"x-container max width\" style=\"margin: 0px auto; padding: 0px; width: 100%;\" ><div  class=\"x-column x-sm x-1-1\" style=\"padding: 0px; \" >&nbsp;<\/div><\/div><\/div><div id=\"index\" class=\"x-section\" style=\"margin: 0px; padding: 0px 0px 45px;  background-color: #ffffff;\" ><div id=\"\" class=\"x-container max width\" style=\"margin: 0px auto; padding: 0px; \" ><div  class=\"x-column x-sm x-1-2\" style=\"padding: 0px; \" ><hr  class=\"x-gap\" style=\"margin: 40px 0 0 0;\"><div id=\"\" class=\"x-text none\" style=\"\" ><h1><span style=\"color: #ff0000;\">1<\/span><\/h1>\n<\/div><hr  class=\"x-gap\" style=\"margin: 30px 0 0 0;\"><div id=\"\" class=\"x-text none\" style=\"\" ><h3><a href=\"https:\/\/revistacentro.org\/index.php\/cursosarq\/\">ARQUITETURA MODERNA EM S\u00c3O PAULO . SETEMBRO<\/a><\/h3>\n<\/div><hr  class=\"x-gap\" style=\"margin: 5px 0 0 0;\"><div id=\"\" class=\"x-text none\" style=\"\" ><h5><span style=\"color: #808080;\">Oscar Niemeyer,<\/span><\/h5>\n<h5><span style=\"color: #808080;\"> Vilanova Artigas, <\/span><\/h5>\n<h5><span style=\"color: #808080;\">Lina Bo Bardi e <\/span><\/h5>\n<h5><span style=\"color: #808080;\">Paulo Mendes da Rocha<\/span><\/h5>\n<\/div><hr  class=\"x-gap\" style=\"margin: 10px 0 0 0;\"><div id=\"\" class=\"x-text none\" style=\"\" ><h6>PROFESSOR: Gabriel Kogan<\/h6>\n<\/div><hr  class=\"x-gap\" style=\"margin: 40px 0 0 0;\"><\/div><div  class=\"x-column x-sm x-1-2\" style=\"padding: 0px; \" >&nbsp;<\/div><\/div><div id=\"\" class=\"x-container max width\" style=\"margin: 0px auto; padding: 0px; \" ><div  class=\"x-column x-sm x-1-2\" style=\"padding: 0px; \" ><div id=\"\" class=\"x-text none\" style=\"\" ><h6>DESCRI\u00c7\u00c3O<\/h6>\n<\/div><div id=\"\" class=\"x-text none\" style=\"\" ><p> Curso sobre a obra de quatro arquitetos brasileiros \u2013 Oscar Niemeyer, Vilanova Artigas, Lina Bo Bardi e Paulo Mendes da Rocha \u2013 com foco em suas produ\u00e7\u00f5es em S\u00e3o Paulo. A arquitetura ser\u00e1 discutida a partir da dimens\u00e3o te\u00f3rica e dos usos contempor\u00e2neos. Quatro visitas guiadas a pr\u00e9dios paradigm\u00e1ticos \u2013 obras-chaves do modernismo em S\u00e3o Paulo \u2013 complementam as aulas expositivas. As aulas te\u00f3ricas debater\u00e3o o contexto hist\u00f3rico dos projetos e arquitetos e as visitas comentadas ser\u00e3o oportunidades para experienciar os espa\u00e7os e observar detalhes da constru\u00e7\u00e3o no pr\u00f3prio local. <\/p>\n<\/div><hr  class=\"x-gap\" style=\"margin: 20px 0 0 0;\"><div id=\"\" class=\"x-text none\" style=\"\" ><h6>LOCAL E DATA<\/h6>\n<\/div><div id=\"\" class=\"x-text none\" style=\"\" ><p> Audit\u00f3rio da Livraria Martins Fontes (Av. Paulista, 509| Metr\u00f4 Brigadeiro)<\/p>\n<p> S\u00e3o Paulo . SP<\/p>\n<\/div><div id=\"\" class=\"x-text none\" style=\"\" ><p> Dias: 5, 6, 7 e 8 de Setembro, das 14h \u00e0s 19h <\/p>\n<p>(de segunda \u00e0 quinta, incluindo feriado) <\/p>\n<\/div><\/div><div  class=\"x-column x-sm x-1-2\" style=\"padding: 0px; \" ><div id=\"\" class=\"x-text none\" style=\"\" ><h6>PROFESSOR<\/h6>\n<\/div><div id=\"\" class=\"x-text none\" style=\"\" ><p>GABRIEL KOGAN . Arquiteto e editor, formado pela Faculdade de Arquitetura e Urbanismo da Universidade de S\u00e3o Paulo (FAU-USP) em 2009. Palestrante convidado da Polit\u00e9cnico de Mil\u00e3o (POLIMI, c\u00e2mpus de Mantova) entre 2015 e 2016, oferece cursos livres no MASP (2016) e na Escola da Cidade (2016). Foi colaborador da <em>Folha de S.Paulo<\/em>, <em>Revista Bamboo<\/em>, <em>AU<\/em> e as japonesas A+U e <em>GA House<\/em>. Em 2013, apresentou mestrado no UNESCO-IHE nos Pa\u00edses Baixos. Entre 2007 e 2015, trabalhou no escrit\u00f3rio de arquitetura Studio MK27. Participou no anteprojeto do Museu de Minas e Metal de Paulo Mendes da Rocha em 2006 e da organiza\u00e7\u00e3o do Arte\/Cidade de Nelson Brissac em 2005. Em 2015, fundou o instituto CENTRO Pesquisas Urbanas e e edita a <em>Revista Centro<\/em>.<\/p>\n<\/div><hr  class=\"x-gap\" style=\"margin: 20px 0 0 0;\"><div id=\"\" class=\"x-text none\" style=\"\" ><h5><a href=\"https:\/\/revistacentro.org\/index.php\/cursosarq\/\">SAIBA MAIS!<\/a><\/h5>\n<\/div><hr  class=\"x-gap\" style=\"margin: 5px 0 0 0;\"><\/div><\/div><div id=\"\" class=\"x-container max width\" style=\"margin: 0px auto; padding: 0px; \" ><div  class=\"x-column x-sm x-1-1\" style=\"padding: 0px; \" ><hr  class=\"x-gap\" style=\"margin: 60px 0 0 0;\"><\/div><\/div><\/div><div id=\"index\" class=\"x-section\" style=\"margin: 0px; padding: 0px 0px 45px;  background-color: #ffffff;\" ><div id=\"\" class=\"x-container max width\" style=\"margin: 0px auto; padding: 0px; \" ><div  class=\"x-column x-sm x-1-2\" style=\"padding: 0px; \" ><hr  class=\"x-gap\" style=\"margin: 20px 0 0 0;\"><div id=\"\" class=\"x-text none\" style=\"\" ><h1><span style=\"color: #ff0000;\">2<\/span><\/h1>\n<\/div><hr  class=\"x-gap\" style=\"margin: 30px 0 0 0;\"><div id=\"\" class=\"x-text none\" style=\"\" ><h3>CINEMA &amp;<\/h3>\n<h3>ARQUITETURA .\u00a0OUTUBRO<\/h3>\n<\/div><hr  class=\"x-gap\" style=\"margin: 5px 0 0 0;\"><div id=\"\" class=\"x-text none\" style=\"\" ><h5><span style=\"color: #808080;\">Arquitetura, espa\u00e7o e cidade no cinema<\/span><\/h5>\n<\/div><hr  class=\"x-gap\" style=\"margin: 10px 0 0 0;\"><div id=\"\" class=\"x-text none\" style=\"\" ><h6>PROFESSORES: AGNALDO FARIAS, DAVIDE RAPP, FRANCISCO RAMALHO JR., LAURA ARTIGAS, NELSON BRISSAC, PEDRO GORSKI, PEDRO KOK E PRISCYLA GOMES<\/h6>\n<\/div><hr  class=\"x-gap\" style=\"margin: 40px 0 0 0;\"><\/div><div  class=\"x-column x-sm x-1-2\" style=\"padding: 0px; \" >&nbsp;<\/div><\/div><div id=\"\" class=\"x-container max width\" style=\"margin: 0px auto; padding: 0px; \" ><div  class=\"x-column x-sm x-1-2\" style=\"padding: 0px; \" ><div id=\"\" class=\"x-text none\" style=\"\" ><h6>DESCRI\u00c7\u00c3O<\/h6>\n<\/div><div id=\"\" class=\"x-text none\" style=\"\" ><p>Curso sobre a rela\u00e7\u00e3o entre cinema e arquitetura, a partir de vis\u00f5es de cineastas, arquitetos, cr\u00edticos e historiadores do cinema. Dez aulas, cada uma com 1h30 em 5 dias, exploram quest\u00f5es como a representa\u00e7\u00e3o da arquitetura e da cidade e a composi\u00e7\u00e3o do espa\u00e7o em filmes. Aulas tamb\u00e9m mostrar\u00e3o t\u00e9cnicas de cinematografia digital.<\/p>\n<\/div><hr  class=\"x-gap\" style=\"margin: 20px 0 0 0;\"><div id=\"\" class=\"x-text none\" style=\"\" ><h6>LOCAL E DATA<\/h6>\n<\/div><div id=\"\" class=\"x-text none\" style=\"\" ><p> Audit\u00f3rio da Livraria Martins Fontes (Av. Paulista, 509| Metr\u00f4 Brigadeiro)<\/p>\n<p> S\u00e3o Paulo . SP<\/p>\n<\/div><div id=\"\" class=\"x-text none\" style=\"\" ><p>Dias: 3, 4, 5, 6 e 7 de Outubro, das 14h30 \u00e0s 18h (segunda \u00e0 sexta) <\/p>\n<\/div><\/div><div  class=\"x-column x-sm x-1-2\" style=\"padding: 0px; \" ><div id=\"\" class=\"x-text none\" style=\"\" ><h6>PROFESSORES<\/h6>\n<\/div><div id=\"\" class=\"x-text none\" style=\"\" ><p><strong>AGNALDO FARIAS,<\/strong>\u00a0professor da FAU-USP, cr\u00edtico e curador. <\/p>\n<p><strong>DAVIDE RAPP,<\/strong> v\u00eddeo artista, arquiteto e cin\u00e9filo.<\/p>\n<p><strong>FRANCISCO RAMALHO JR.,<\/strong> diretor de filmes de fic\u00e7\u00e3o e produtor.<\/p>\n<p><strong>LAURA ARTIGAS,<\/strong> diretora, roteirista, pesquisadora de conte\u00fado e jornalista.<\/p>\n<p><strong>NELSON BRISSAC,<\/strong> fil\u00f3sofo.<\/p>\n<p><strong>PEDRO GORSKI,<\/strong> diretor e produtor-executivo de televis\u00e3o e cinema.<\/p>\n<p><strong>PEDRO KOK, <\/strong>fot\u00f3grafo.<\/p>\n<p><strong>PRISCYLA GOMES,<\/strong>\u00a0curadora e pesquisadora formada pela FAU-USP.<\/p>\n<\/div><hr  class=\"x-gap\" style=\"margin: 20px 0 0 0;\"><div id=\"\" class=\"x-text none\" style=\"\" ><h5><a href=\"https:\/\/revistacentro.org\/index.php\/cursocinema\/\">SAIBA MAIS!<\/a><\/h5>\n<\/div><hr  class=\"x-gap\" style=\"margin: 5px 0 0 0;\"><\/div><\/div><div id=\"\" class=\"x-container max width\" style=\"margin: 0px auto; padding: 0px; \" ><div  class=\"x-column x-sm x-1-1\" style=\"padding: 0px; \" ><hr  class=\"x-gap\" style=\"margin: 60px 0 0 0;\"><\/div><\/div><\/div><div id=\"index\" class=\"x-section\" style=\"margin: 0px; padding: 0px 0px 45px;  background-color: #ffffff;\" ><div id=\"\" class=\"x-container max width\" style=\"margin: 0px auto; padding: 0px; \" ><div  class=\"x-column x-sm x-1-2\" style=\"padding: 0px; \" >&nbsp;<\/div><div  class=\"x-column x-sm x-1-2\" style=\"padding: 0px; \" >&nbsp;<\/div><\/div><div id=\"\" class=\"x-container max width\" style=\"margin: 0px auto; padding: 0px; \" ><div  class=\"x-column x-sm x-1-2\" style=\"padding: 0px; \" >&nbsp;<\/div><div  class=\"x-column x-sm x-1-2\" style=\"padding: 0px; \" >&nbsp;<\/div><\/div><div id=\"\" class=\"x-container max width\" style=\"margin: 0px auto; padding: 0px; \" ><div  class=\"x-column x-sm x-1-1\" style=\"padding: 0px; \" ><hr  class=\"x-gap\" style=\"margin: 40px 0 0 0;\"><\/div><\/div><\/div><div id=\"x-section-7\" class=\"x-section bg-image parallax\" style=\"margin: 0px; padding: 0px; height: 35vh; background-image: url(https:\/\/revistacentro.org\/wp-content\/uploads\/2016\/07\/IMG_8224low.jpg); background-color: transparent;\" data-x-element=\"section\" data-x-params=\"{&quot;type&quot;:&quot;image&quot;,&quot;parallax&quot;:true}\"><div id=\"\" class=\"x-container max width\" style=\"margin: 0px auto; padding: 0px; width: 100%;\" ><div  class=\"x-column x-sm x-1-1\" style=\"padding: 0px; \" ><img  class=\"x-img x-img-none\" style=\"width: 100%; padding: 0px 0px 0px 0px !important;\" src=\"\" ><\/div><\/div><\/div>\n","protected":false},"excerpt":{"rendered":"","protected":false},"author":1,"featured_media":2377,"parent":0,"menu_order":0,"comment_status":"closed","ping_status":"closed","template":"template-blank-4.php","meta":[],"_links":{"self":[{"href":"https:\/\/revistacentro.org\/index.php\/wp-json\/wp\/v2\/pages\/2272"}],"collection":[{"href":"https:\/\/revistacentro.org\/index.php\/wp-json\/wp\/v2\/pages"}],"about":[{"href":"https:\/\/revistacentro.org\/index.php\/wp-json\/wp\/v2\/types\/page"}],"author":[{"embeddable":true,"href":"https:\/\/revistacentro.org\/index.php\/wp-json\/wp\/v2\/users\/1"}],"replies":[{"embeddable":true,"href":"https:\/\/revistacentro.org\/index.php\/wp-json\/wp\/v2\/comments?post=2272"}],"version-history":[{"count":61,"href":"https:\/\/revistacentro.org\/index.php\/wp-json\/wp\/v2\/pages\/2272\/revisions"}],"predecessor-version":[{"id":2743,"href":"https:\/\/revistacentro.org\/index.php\/wp-json\/wp\/v2\/pages\/2272\/revisions\/2743"}],"wp:featuredmedia":[{"embeddable":true,"href":"https:\/\/revistacentro.org\/index.php\/wp-json\/wp\/v2\/media\/2377"}],"wp:attachment":[{"href":"https:\/\/revistacentro.org\/index.php\/wp-json\/wp\/v2\/media?parent=2272"}],"curies":[{"name":"wp","href":"https:\/\/api.w.org\/{rel}","templated":true}]}}