{"id":1879,"date":"2015-12-11T17:36:06","date_gmt":"2015-12-11T17:36:06","guid":{"rendered":"http:\/\/revistacentro.org\/?page_id=1879"},"modified":"2016-08-29T16:37:14","modified_gmt":"2016-08-29T16:37:14","slug":"editorial","status":"publish","type":"page","link":"https:\/\/revistacentro.org\/index.php\/editorial\/","title":{"rendered":"EDITORIAL &#8211; Revista Centro"},"content":{"rendered":"<div id=\"index\" class=\"x-section\" style=\"margin: 0px; padding: 0px 0px 45px;  background-color: #000000;\" ><div id=\"\" class=\"x-container max width\" style=\"margin: 0px auto; padding: 0px; \" ><div  class=\"x-column x-sm x-1-1\" style=\"padding: 0px; \" ><hr  class=\"x-gap\" style=\"margin: 55px 0 0 0;\"><div id=\"\" class=\"x-text none\" style=\"\" ><h1><span style=\"color: #ffffff;\">EDITORIAL<\/span><\/h1>\n<\/div><hr  class=\"x-gap\" style=\"margin: 3px 0 0 0;\"><div id=\"\" class=\"x-text none\" style=\"\" ><h3><span style=\"color: #999999;\">Sobre come\u00e7os e fins<\/span><\/h3>\n<\/div><hr  class=\"x-gap\" style=\"margin: 40px 0 0 0;\"><\/div><\/div><div id=\"\" class=\"x-container max width\" style=\"margin: 0px auto; padding: 0px; \" ><div  class=\"x-column x-sm x-1-1\" style=\"padding: 0px; \" ><div  class=\"x-columnize\" >\n<p style=\"color: #ffffff;\">Fim, apocalipse, destrui\u00e7\u00e3o, depress\u00e3o, golpe, crise, entropia.<\/p>\n<p style=\"color: #ffffff;\">As analogias sobre os fins recaem hoje em diversas \u00e1reas do conhecimento, transbordando do misticismo para a ci\u00eancia, e vice-versa. Essas quest\u00f5es aparecem \u2013 da mais alta academia ao mais baixo jornalismo \u2013 em assuntos aparentemente desconexos: arquitetura, antropologia, filosofia, m\u00fasica, arte, literatura, psican\u00e1lise, economia, hist\u00f3ria.<\/p>\n<p style=\"color: #ffffff;\">O arquiteto norte-americano Peter Einsemann \u2013 autor do cl\u00e1ssico \u201cO fim do cl\u00e1ssico, o fim do come\u00e7o e o fim do fim\u201d (<a style=\"color: #ffffff;\" href=\"http:\/\/isites.harvard.edu\/fs\/docs\/icb.topic136722.files\/Week_4_Repetition\/Eisenman_End_of_Classical.pdf\" target=\"_blank\">ver link<\/a>) \u2013 sugeriu que Rem Koolhaas estava afirmando o fim da arquitetura em sua curadoria da Bienal de Veneza em 2014. No ano seguinte, o antrop\u00f3logo brasileiro Eduardo Viveiro de Castro e Deborah Danowski lan\u00e7aram o livro o <em>H\u00e1 mundo por vir?: ensaio sobre os medos e os fins<\/em> (<a style=\"color: #ffffff;\" href=\"http:\/\/culturaebarbarie.org\/?page_id=751\" target=\"_blank\">ver link<\/a>) sobre o antropoceno (\u201ca \u00e9poca em que a geologia entrou em resson\u00e2ncia geol\u00f3gica com a moral\u201d) e a crise planet\u00e1ria. H\u00e1 pelo menos uma d\u00e9cada, construindo um sentido diferente sobre o mesmo assunto, o fil\u00f3sofo esloveno Slavoj Zizek palestra e escreve sobre o fim do conceito de natureza.<\/p>\n<p style=\"color: #ffffff;\">O tema dessa edi\u00e7\u00e3o inaugural da Revista Centro, \u201csobre come\u00e7os &amp; fins\u201d, re\u00fane pensamentos sobre destrui\u00e7\u00e3o e reconstru\u00e7\u00e3o de conceitos estruturantes do espa\u00e7o. A partir do debate sobre o estado de crise atual propomos discutir o fim do mundo, o fim da natureza, o fim da arquitetura, o fim da cidade, o fim do indiv\u00edduo. O fim dos pr\u00f3prios conceitos fundamentais da modernidade.<\/p>\n<p style=\"color: #ffffff;\">Onde resultar\u00e1 esse movimento entr\u00f3pico criado por n\u00f3s sobre n\u00f3s mesmos? \u00c9 poss\u00edvel compreender esse processo ou simplesmente podemos aceitar sua exist\u00eancia? A imin\u00eancia do fim cria a imobilidade absoluta ou a pot\u00eancia de a\u00e7\u00e3o? O que nos resta e o que se move depois do fim?<\/p>\n<p style=\"color: #ffffff;\">Essa edi\u00e7\u00e3o come\u00e7a pelo fim para formular uma estrat\u00e9gia de aproxima\u00e7\u00e3o sobre quest\u00f5es latentes das cidades brasileiras, com pensamentos multidisciplinares, interseccionando arquitetura, arte, literatura e ci\u00eancias sociais. &#8220;Sobre come\u00e7os e fins&#8221; foi editada por Gabriel Kogan, Guilherme Giufrida e Rodrigo Villela. A publica\u00e7\u00e3o \u00e9 produzida pelo CENTRO pesquisas urbanas, institui\u00e7\u00e3o fundada em 2015 para discutir teorias e problemas das cidades contempor\u00e2neas.<\/p>\n<p style=\"color: #ffffff;\">O n\u00famero 0 \u00e9 o come\u00e7o de um di\u00e1logo aberto com profissionais de diversas \u00e1reas e s\u00f3 foi poss\u00edvel por causa das generosas contribui\u00e7\u00f5es de colegas cuja produ\u00e7\u00e3o reverbera com a discuss\u00e3o aqui proposta. Esses colaboradores, de fato, viabilizaram essa revista e, a todos eles, com profunda gratid\u00e3o, dedicamos este n\u00famero.<\/p>\n<p style=\"color: #ffffff;\">Ao longo dos pr\u00f3ximos meses, queremos lan\u00e7ar uma adi\u00e7\u00e3o ao n\u00famero 0, uma esp\u00e9cie de +0, com eventuais novos artigos que dialoguem com os aqui publicados \u2013 uma maneira de dar vida aos temas \u2013 e estabelecer novas pontes com outros colaboradores.<\/p>\n<p style=\"color: #808080;\"><span style=\"color: #cccccc;\">[dezembro, 2015]<\/span><\/p>\n<p><span style=\"color: #cccccc;\"><a style=\"color: #cccccc;\" href=\"mailto:centropesquisasurbanas@gmail.com\">centropesquisasurbanas@gmail.com<\/a><\/span><\/p>\n<p><span style=\"color: #cccccc;\"><a style=\"color: #cccccc;\" href=\"https:\/\/www.facebook.com\/revistacentro1\/\" target=\"_blank\">https:\/\/www.facebook.com\/revistacentro1\/<\/a><\/span><\/div><hr  class=\"x-gap\" style=\"margin: 70px 0 0 0;\"><\/div><\/div><\/div><div id=\"index\" class=\"x-section bg-image parallax\" style=\"margin: 0px; padding: 0px 0px 45px; height:30vh; background-image: url(https:\/\/revistacentro.org\/wp-content\/uploads\/2015\/12\/Matosinhos2.jpg); background-color: #000000;\" data-x-element=\"section\" data-x-params=\"{&quot;type&quot;:&quot;image&quot;,&quot;parallax&quot;:true}\"><div id=\"\" class=\"x-container max width\" style=\"margin: 0px auto; padding: 0px; \" ><div  class=\"x-column x-sm x-1-1\" style=\"padding: 0px; \" ><img  class=\"x-img x-img-none\"  src=\"\" ><\/div><\/div><\/div><div id=\"index\" class=\"x-section\" style=\"margin: 0px; padding: 0px 0px 45px;  background-color: #000000;\" ><div id=\"\" class=\"x-container max width\" style=\"margin: 0px auto; padding: 0px; \" ><div  class=\"x-column x-sm x-1-1\" style=\"padding: 0px; \" ><hr  class=\"x-gap\" style=\"margin: 80px 0 0 0;\"><div id=\"\" class=\"x-text none\" style=\"\" ><h3><span style=\"color: #999999;\">Quem somos<\/span><\/h3>\n<\/div><hr  class=\"x-gap\" style=\"margin: 30px 0 0 0;\"><\/div><\/div><div id=\"\" class=\"x-container max width\" style=\"margin: 0px auto; padding: 0px; \" ><div  class=\"x-column x-sm x-1-3\" style=\"padding: 0px; \" ><div id=\"\" class=\"x-text\" style=\"\" ><h6><span style=\"color: #ffffff;\">GABRIEL KOGAN,<\/span><\/h6>\n<p style=\"color: #ffffff;\">arquiteto formado pela FAU\/USP; trabalha como jornalista colaborando para ve\u00edculos como a <em>Folha de S.Paulo<\/em> e <em>A+U<\/em> (Jap\u00e3o).<\/p>\n<\/div><hr  class=\"x-gap\" style=\"margin: 20px 0 0 0;\"><\/div><div  class=\"x-column x-sm x-1-3\" style=\"padding: 0px; \" ><div id=\"\" class=\"x-text\" style=\"\" ><h6><span style=\"color: #ffffff;\">GUILHERME GIUFRIDA,<\/span><\/h6>\n<p style=\"color: #ffffff;\">antropol\u00f3go, mestre em antropologia social pelo Museu Nacional &#8211; UFRJ, foi assistente de curadoria da 10a Bienal de Arquitetura de S\u00e3o Paulo.<\/p>\n<\/div><hr  class=\"x-gap\" style=\"margin: 20px 0 0 0;\"><\/div><div  class=\"x-column x-sm x-1-3\" style=\"padding: 0px; \" ><div id=\"\" class=\"x-text\" style=\"\" ><h6><span style=\"color: #ffffff;\">RODRIGO VILLELA,<\/span><\/h6>\n<p style=\"color: #ffffff;\">produtor cultural e editor, formado em letras pela FFLCH-USP. Atua na \u00e1rea cultural desde 1999, em projetos de arte, educa\u00e7\u00e3o e literatura.<\/p>\n<\/div><hr  class=\"x-gap\" style=\"margin: 20px 0 0 0;\"><\/div><\/div><div id=\"\" class=\"x-container max width\" style=\"margin: 0px auto; padding: 0px; \" ><div  class=\"x-column x-sm x-1-1\" style=\"padding: 0px; \" ><hr  class=\"x-gap\" style=\"margin: 60px 0 0 0;\"><div id=\"\" class=\"x-text none\" style=\"\" ><h3><span style=\"color: #999999;\">Agradecimentos<\/span><\/h3>\n<\/div><hr  class=\"x-gap\" style=\"margin: 30px 0 0 0;\"><\/div><\/div><div id=\"\" class=\"x-container max width\" style=\"margin: 0px auto; padding: 0px; \" ><div  class=\"x-column x-sm x-1-3\" style=\"padding: 0px; \" ><div id=\"\" class=\"x-text\" style=\"\" ><p><span style=\"color: #ffffff;\">Afonso Luz, Amanda Dafoe, Ana Sartori, Berna Reale, Bianca Azevedo, Dolores Prades, Florencia Ferrari, Ilan Kow, Joanna Helm, Jo\u00e3o Rodrigues, Jo\u00e3o Turchi, Jos\u00e9 Marcelo Zacchi, Kim Doria, Luigi Snozzi, Marcello Dantas, Marcio Junji Sono, Marcio Kogan, Nuno Ramos, Pedro Cesarino, Raquel Kogan, S\u00e9rgio Guerra, Suely Rolnik, Tamara Solski, Thaisa Burani, Wilson Levy, \u00c9ditions La D\u00e9couverte, Boitempo Editorial e a todos os colaboradores.<\/span><\/p>\n<\/div><hr  class=\"x-gap\" style=\"margin: 70px 0 0 0;\"><\/div><div  class=\"x-column x-sm x-1-3\" style=\"padding: 0px; \" >&nbsp;<\/div><div  class=\"x-column x-sm x-1-3\" style=\"padding: 0px; \" >&nbsp;<\/div><\/div><div id=\"\" class=\"x-container max width\" style=\"margin: 0px auto; padding: 0px; \" ><div  class=\"x-column x-sm x-1-1\" style=\"padding: 0px; \" ><div id=\"\" class=\"x-text\" style=\"\" ><p><a href=\"http:\/\/www.centropesquisasurbanas.org\/\"  style=\"color:#ffffff;\" target=\"_blank\">http:\/\/www.centropesquisasurbanas.org\/<\/a><\/p>\n<p><a href=\"mailto:centro@centropesquisasurbanas.org\" style=\"color:#808080;\">centro@centropesquisasurbanas.org<\/a><\/p>\n<\/div><hr  class=\"x-gap\" style=\"margin: 150px 0 0 0;\"><\/div><\/div><\/div>\n","protected":false},"excerpt":{"rendered":"","protected":false},"author":1,"featured_media":1445,"parent":0,"menu_order":0,"comment_status":"closed","ping_status":"closed","template":"template-blank-4.php","meta":[],"_links":{"self":[{"href":"https:\/\/revistacentro.org\/index.php\/wp-json\/wp\/v2\/pages\/1879"}],"collection":[{"href":"https:\/\/revistacentro.org\/index.php\/wp-json\/wp\/v2\/pages"}],"about":[{"href":"https:\/\/revistacentro.org\/index.php\/wp-json\/wp\/v2\/types\/page"}],"author":[{"embeddable":true,"href":"https:\/\/revistacentro.org\/index.php\/wp-json\/wp\/v2\/users\/1"}],"replies":[{"embeddable":true,"href":"https:\/\/revistacentro.org\/index.php\/wp-json\/wp\/v2\/comments?post=1879"}],"version-history":[{"count":54,"href":"https:\/\/revistacentro.org\/index.php\/wp-json\/wp\/v2\/pages\/1879\/revisions"}],"predecessor-version":[{"id":2676,"href":"https:\/\/revistacentro.org\/index.php\/wp-json\/wp\/v2\/pages\/1879\/revisions\/2676"}],"wp:featuredmedia":[{"embeddable":true,"href":"https:\/\/revistacentro.org\/index.php\/wp-json\/wp\/v2\/media\/1445"}],"wp:attachment":[{"href":"https:\/\/revistacentro.org\/index.php\/wp-json\/wp\/v2\/media?parent=1879"}],"curies":[{"name":"wp","href":"https:\/\/api.w.org\/{rel}","templated":true}]}}

<div id="index" class="x-section" style="margin: 0px; padding: 0px 0px 45px;  background-color: #000000;" ><div id="" class="x-container max width" style="margin: 0px auto; padding: 0px; " ><div  class="x-column x-sm x-1-1" style="padding: 0px; " ><hr  class="x-gap" style="margin: 55px 0 0 0;"><div id="" class="x-text none" style="" ><h1><span style="color: #ffffff;">EDITORIAL</span></h1>
</div><hr  class="x-gap" style="margin: 3px 0 0 0;"><div id="" class="x-text none" style="" ><h3><span style="color: #999999;">Sobre começos e fins</span></h3>
</div><hr  class="x-gap" style="margin: 40px 0 0 0;"></div></div><div id="" class="x-container max width" style="margin: 0px auto; padding: 0px; " ><div  class="x-column x-sm x-1-1" style="padding: 0px; " ><div  class="x-columnize" >
<p style="color: #ffffff;">Fim, apocalipse, destruição, depressão, golpe, crise, entropia.</p>
<p style="color: #ffffff;">As analogias sobre os fins recaem hoje em diversas áreas do conhecimento, transbordando do misticismo para a ciência, e vice-versa. Essas questões aparecem – da mais alta academia ao mais baixo jornalismo – em assuntos aparentemente desconexos: arquitetura, antropologia, filosofia, música, arte, literatura, psicanálise, economia, história.</p>
<p style="color: #ffffff;">O arquiteto norte-americano Peter Einsemann – autor do clássico “O fim do clássico, o fim do começo e o fim do fim” (<a style="color: #ffffff;" href="http://isites.harvard.edu/fs/docs/icb.topic136722.files/Week_4_Repetition/Eisenman_End_of_Classical.pdf" target="_blank">ver link</a>) – sugeriu que Rem Koolhaas estava afirmando o fim da arquitetura em sua curadoria da Bienal de Veneza em 2014. No ano seguinte, o antropólogo brasileiro Eduardo Viveiro de Castro e Deborah Danowski lançaram o livro o <em>Há mundo por vir?: ensaio sobre os medos e os fins</em> (<a style="color: #ffffff;" href="http://culturaebarbarie.org/?page_id=751" target="_blank">ver link</a>) sobre o antropoceno (“a época em que a geologia entrou em ressonância geológica com a moral”) e a crise planetária. Há pelo menos uma década, construindo um sentido diferente sobre o mesmo assunto, o filósofo esloveno Slavoj Zizek palestra e escreve sobre o fim do conceito de natureza.</p>
<p style="color: #ffffff;">O tema dessa edição inaugural da Revista Centro, “sobre começos &amp; fins”, reúne pensamentos sobre destruição e reconstrução de conceitos estruturantes do espaço. A partir do debate sobre o estado de crise atual propomos discutir o fim do mundo, o fim da natureza, o fim da arquitetura, o fim da cidade, o fim do indivíduo. O fim dos próprios conceitos fundamentais da modernidade.</p>
<p style="color: #ffffff;">Onde resultará esse movimento entrópico criado por nós sobre nós mesmos? É possível compreender esse processo ou simplesmente podemos aceitar sua existência? A iminência do fim cria a imobilidade absoluta ou a potência de ação? O que nos resta e o que se move depois do fim?</p>
<p style="color: #ffffff;">Essa edição começa pelo fim para formular uma estratégia de aproximação sobre questões latentes das cidades brasileiras, com pensamentos multidisciplinares, interseccionando arquitetura, arte, literatura e ciências sociais. &#8220;Sobre começos e fins&#8221; foi editada por Gabriel Kogan, Guilherme Giufrida e Rodrigo Villela. A publicação é produzida pelo CENTRO pesquisas urbanas, instituição fundada em 2015 para discutir teorias e problemas das cidades contemporâneas.</p>
<p style="color: #ffffff;">O número 0 é o começo de um diálogo aberto com profissionais de diversas áreas e só foi possível por causa das generosas contribuições de colegas cuja produção reverbera com a discussão aqui proposta. Esses colaboradores, de fato, viabilizaram essa revista e, a todos eles, com profunda gratidão, dedicamos este número.</p>
<p style="color: #ffffff;">Ao longo dos próximos meses, queremos lançar uma adição ao número 0, uma espécie de +0, com eventuais novos artigos que dialoguem com os aqui publicados – uma maneira de dar vida aos temas – e estabelecer novas pontes com outros colaboradores.</p>
<p style="color: #808080;"><span style="color: #cccccc;">[dezembro, 2015]</span></p>
<p><span style="color: #cccccc;"><a style="color: #cccccc;" href="mailto:centropesquisasurbanas@gmail.com">centropesquisasurbanas@gmail.com</a></span></p>
<p><span style="color: #cccccc;"><a style="color: #cccccc;" href="https://www.facebook.com/revistacentro1/" target="_blank">https://www.facebook.com/revistacentro1/</a></span></div><hr  class="x-gap" style="margin: 70px 0 0 0;"></div></div></div><div id="index" class="x-section bg-image parallax" style="margin: 0px; padding: 0px 0px 45px; height:30vh; background-image: url(https://revistacentro.org/wp-content/uploads/2015/12/Matosinhos2.jpg); background-color: #000000;" data-x-element="section" data-x-params="{&quot;type&quot;:&quot;image&quot;,&quot;parallax&quot;:true}"><div id="" class="x-container max width" style="margin: 0px auto; padding: 0px; " ><div  class="x-column x-sm x-1-1" style="padding: 0px; " ><img  class="x-img x-img-none"  src="" ></div></div></div><div id="index" class="x-section" style="margin: 0px; padding: 0px 0px 45px;  background-color: #000000;" ><div id="" class="x-container max width" style="margin: 0px auto; padding: 0px; " ><div  class="x-column x-sm x-1-1" style="padding: 0px; " ><hr  class="x-gap" style="margin: 80px 0 0 0;"><div id="" class="x-text none" style="" ><h3><span style="color: #999999;">Quem somos</span></h3>
</div><hr  class="x-gap" style="margin: 30px 0 0 0;"></div></div><div id="" class="x-container max width" style="margin: 0px auto; padding: 0px; " ><div  class="x-column x-sm x-1-3" style="padding: 0px; " ><div id="" class="x-text" style="" ><h6><span style="color: #ffffff;">GABRIEL KOGAN,</span></h6>
<p style="color: #ffffff;">arquiteto formado pela FAU/USP; trabalha como jornalista colaborando para veículos como a <em>Folha de S.Paulo</em> e <em>A+U</em> (Japão).</p>
</div><hr  class="x-gap" style="margin: 20px 0 0 0;"></div><div  class="x-column x-sm x-1-3" style="padding: 0px; " ><div id="" class="x-text" style="" ><h6><span style="color: #ffffff;">GUILHERME GIUFRIDA,</span></h6>
<p style="color: #ffffff;">antropológo, mestre em antropologia social pelo Museu Nacional &#8211; UFRJ, foi assistente de curadoria da 10a Bienal de Arquitetura de São Paulo.</p>
</div><hr  class="x-gap" style="margin: 20px 0 0 0;"></div><div  class="x-column x-sm x-1-3" style="padding: 0px; " ><div id="" class="x-text" style="" ><h6><span style="color: #ffffff;">RODRIGO VILLELA,</span></h6>
<p style="color: #ffffff;">produtor cultural e editor, formado em letras pela FFLCH-USP. Atua na área cultural desde 1999, em projetos de arte, educação e literatura.</p>
</div><hr  class="x-gap" style="margin: 20px 0 0 0;"></div></div><div id="" class="x-container max width" style="margin: 0px auto; padding: 0px; " ><div  class="x-column x-sm x-1-1" style="padding: 0px; " ><hr  class="x-gap" style="margin: 60px 0 0 0;"><div id="" class="x-text none" style="" ><h3><span style="color: #999999;">Agradecimentos</span></h3>
</div><hr  class="x-gap" style="margin: 30px 0 0 0;"></div></div><div id="" class="x-container max width" style="margin: 0px auto; padding: 0px; " ><div  class="x-column x-sm x-1-3" style="padding: 0px; " ><div id="" class="x-text" style="" ><p><span style="color: #ffffff;">Afonso Luz, Amanda Dafoe, Ana Sartori, Berna Reale, Bianca Azevedo, Dolores Prades, Florencia Ferrari, Ilan Kow, Joanna Helm, João Rodrigues, João Turchi, José Marcelo Zacchi, Kim Doria, Luigi Snozzi, Marcello Dantas, Marcio Junji Sono, Marcio Kogan, Nuno Ramos, Pedro Cesarino, Raquel Kogan, Sérgio Guerra, Suely Rolnik, Tamara Solski, Thaisa Burani, Wilson Levy, Éditions La Découverte, Boitempo Editorial e a todos os colaboradores.</span></p>
</div><hr  class="x-gap" style="margin: 70px 0 0 0;"></div><div  class="x-column x-sm x-1-3" style="padding: 0px; " >&nbsp;</div><div  class="x-column x-sm x-1-3" style="padding: 0px; " >&nbsp;</div></div><div id="" class="x-container max width" style="margin: 0px auto; padding: 0px; " ><div  class="x-column x-sm x-1-1" style="padding: 0px; " ><div id="" class="x-text" style="" ><p><a href="http://www.centropesquisasurbanas.org/"  style="color:#ffffff;" target="_blank">http://www.centropesquisasurbanas.org/</a></p>
<p><a href="mailto:centro@centropesquisasurbanas.org" style="color:#808080;">centro@centropesquisasurbanas.org</a></p>
</div><hr  class="x-gap" style="margin: 150px 0 0 0;"></div></div></div>
