{"id":1334,"date":"2015-12-02T22:15:22","date_gmt":"2015-12-02T22:15:22","guid":{"rendered":"http:\/\/revistacentro.org\/?page_id=1334"},"modified":"2015-12-16T13:31:31","modified_gmt":"2015-12-16T13:31:31","slug":"julia","status":"publish","type":"page","link":"https:\/\/revistacentro.org\/index.php\/julia\/","title":{"rendered":"COME\u00c7O &#8211; Julia de Souza"},"content":{"rendered":"<div id=\"index\" class=\"x-section\" style=\"margin: 0px; padding: 0px 0px 45px;  background-color: #ffffff;\" ><div id=\"\" class=\"x-container max width\" style=\"margin: 0px auto; padding: 0px; \" ><div  class=\"x-column x-sm x-1-2\" style=\"padding: 0px; \" ><hr  class=\"x-gap\" style=\"margin: 75px 0 0 0;\"><div id=\"\" class=\"x-text none\" style=\"\" ><h6><span style=\"color: #808080;\"><span style=\"color: #000000;\">POR\u00a0<span style=\"color: #808080;\">JULIA DE SOUZA<\/span><\/span><\/span><\/h6>\n<\/div><hr  class=\"x-gap\" style=\"margin: 4px 0 0 0;\"><div id=\"\" class=\"x-text none\" style=\"\" ><h1><span style=\"color: #000000;\">COME\u00c7O<\/span><\/h1>\n<\/div><hr  class=\"x-gap\" style=\"margin: 9px 0 0 0;\"><div id=\"\" class=\"x-text none\" style=\"\" ><p>Dos muitos caminhos poss\u00edveis j\u00e1 se sabe. Repiso. O ter que fazer escolhas a cada curva \u2013 e atinar com a curva \u00e9 coisa fugidia, engrenagem improv\u00e1vel \u2013 traz um qu\u00ea de querer andar vendado.<\/p>\n<p>Uma escolha \u00e9 uma dentada. \u00c9 tiro, ca\u00e7a ao gavi\u00e3o que voa rente mas escapa escapa.<\/p>\n<p>Todo come\u00e7o ser\u00e1, ent\u00e3o, roleta-russa. Desafio \u00e9 sair impune do sen\u00e3o e do portanto, do j\u00e1 que. No come\u00e7o tem essa vontade \u2013 lusco-fusco \u2013 de movimento ou at\u00e9 de fuga, despistar alguma sombra. (Nota: desde que me habituei a residir meu pr\u00f3prio corpo sofro de profundo desinteresse por mapas. \u00c9 com essa mesma inaptid\u00e3o para o pensamento cartogr\u00e1fico que me movo: um muro \u00e9 de fato um obst\u00e1culo. Assim tornei-me colecionador de paredes brancas.)<\/p>\n<p>Apalpo ent\u00e3o paredes lisas \u2013 todo come\u00e7o, repito, requer tal apuro t\u00e1til do substrato \u2013 para fincar meu primeiro prego. (d\u00f3i um pouco). Certifico-me, ainda com o peso das m\u00e3os, de que apresenta resist\u00eancia: sim, parece fixo.<\/p>\n<p>Os outros pregos j\u00e1 se sabem ou s\u00e3o sempre um vir a ser?<\/p>\n<p>Eco:<\/p>\n<p>\u2013 toda palavra \u00e9 uma met\u00e1fora abatida.<\/p>\n<p>Ao convite do espa\u00e7o cru respondo apenas: haja. Elas s\u00e3o quatro, pl\u00e1cidas lisas frias sim\u00e9tricas heroicas verticais. Adulter\u00e1-las \u00e9 tarefa de alto risco. Ouvido colado na concha: at\u00e9 ondas se contorcem mais quando h\u00e1 escuta.<\/p>\n<p>Todo come\u00e7o (suspiro) \u00e9 uma pequena morte.<\/p>\n<p>&nbsp;<\/p>\n<p style=\"color: #999999;\">(<a style=\"color: #999999;\" href=\"https:\/\/www.7letras.com.br\/covil.html\" target=\"_blank\"><em>Covil<\/em>.\u00a0Rio de Janeiro: 7 Letras, 2013.<\/a>)<\/p>\n<\/div><hr  class=\"x-gap\" style=\"margin: 50px 0 0 0;\"><div id=\"\" class=\"x-text\" style=\"\" ><h6><span style=\"color: #000000;\">Julia de Souza,<\/span><\/h6>\n<p><span style=\"color: #000000;\">formada em letras pela USP, onde faz mestrado em literatura brasileira. Atua no mercado editorial e \u00e9 poeta.<\/span><\/p>\n<\/div><hr  class=\"x-gap\" style=\"margin: 1000px 0 0 0;\"><\/div><div  class=\"x-column x-sm x-1-2\" style=\"padding: 0px; \" >&nbsp;<\/div><\/div><\/div>\n","protected":false},"excerpt":{"rendered":"","protected":false},"author":1,"featured_media":1662,"parent":0,"menu_order":0,"comment_status":"closed","ping_status":"closed","template":"template-blank-4.php","meta":[],"_links":{"self":[{"href":"https:\/\/revistacentro.org\/index.php\/wp-json\/wp\/v2\/pages\/1334"}],"collection":[{"href":"https:\/\/revistacentro.org\/index.php\/wp-json\/wp\/v2\/pages"}],"about":[{"href":"https:\/\/revistacentro.org\/index.php\/wp-json\/wp\/v2\/types\/page"}],"author":[{"embeddable":true,"href":"https:\/\/revistacentro.org\/index.php\/wp-json\/wp\/v2\/users\/1"}],"replies":[{"embeddable":true,"href":"https:\/\/revistacentro.org\/index.php\/wp-json\/wp\/v2\/comments?post=1334"}],"version-history":[{"count":16,"href":"https:\/\/revistacentro.org\/index.php\/wp-json\/wp\/v2\/pages\/1334\/revisions"}],"predecessor-version":[{"id":2257,"href":"https:\/\/revistacentro.org\/index.php\/wp-json\/wp\/v2\/pages\/1334\/revisions\/2257"}],"wp:featuredmedia":[{"embeddable":true,"href":"https:\/\/revistacentro.org\/index.php\/wp-json\/wp\/v2\/media\/1662"}],"wp:attachment":[{"href":"https:\/\/revistacentro.org\/index.php\/wp-json\/wp\/v2\/media?parent=1334"}],"curies":[{"name":"wp","href":"https:\/\/api.w.org\/{rel}","templated":true}]}}